{"id":94,"date":"2023-08-14T11:33:31","date_gmt":"2023-08-14T09:33:31","guid":{"rendered":"https:\/\/sig1psk.lv\/?page_id=94"},"modified":"2023-11-19T20:51:13","modified_gmt":"2023-11-19T18:51:13","slug":"rekviziti","status":"publish","type":"page","link":"https:\/\/sig1psk.lv\/index.php\/par-skolu\/rekviziti\/","title":{"rendered":"REKVIZ\u012aTI"},"content":{"rendered":"\n<p style=\"font-size:16px\"><strong>Siguldas 1. pamatskola<\/strong><br>re\u0123. Nr.50900010671<br>Pulkve\u017ea Brie\u017ea iela 105, Sigulda, Siguldas novads, LV-2150<br><\/p>\n\n\n\n<p style=\"font-size:16px\">Bankas rekviz\u012bti:<br>Maks\u0101t\u0101js:\u00a0<strong>Siguldas novada pa\u0161vald\u012bba<\/strong><br>re\u0123. Nr.90000048152<br>Pils iela 16, Sigulda, Siguldas novads, LV-2150<br>AS SEB banka Siguldas fili\u0101le<br>Konts: LV15UNLA0027800130404<br>Kods: UNLALV2X<\/p>\n","protected":false},"excerpt":{"rendered":"<p>Siguldas 1. pamatskolare\u0123. Nr.50900010671Pulkve\u017ea Brie\u017ea iela 105, Sigulda, Siguldas novads, LV-2150 Bankas rekviz\u012bti:Maks\u0101t\u0101js:\u00a0Siguldas novada pa\u0161vald\u012bbare\u0123. Nr.90000048152Pils iela 16, Sigulda, Siguldas novads, LV-2150AS SEB banka Siguldas fili\u0101leKonts: LV15UNLA0027800130404Kods: UNLALV2X<\/p>\n","protected":false},"author":2,"featured_media":0,"parent":8,"menu_order":12,"comment_status":"closed","ping_status":"closed","template":"","meta":{"footnotes":""},"class_list":["post-94","page","type-page","status-publish"],"rttpg_featured_image_url":null,"rttpg_author":{"display_name":"Siguldas Pamatskola","author_link":"https:\/\/sig1psk.lv\/index.php\/author\/admins\/"},"rttpg_comment":0,"rttpg_category":null,"rttpg_excerpt":"Siguldas 1. pamatskolare\u0123. Nr.50900010671Pulkve\u017ea Brie\u017ea iela 105, Sigulda, Siguldas novads, LV-2150 Bankas rekviz\u012bti:Maks\u0101t\u0101js:\u00a0Siguldas novada pa\u0161vald\u012bbare\u0123. Nr.90000048152Pils iela 16, Sigulda, Siguldas novads, LV-2150AS SEB banka Siguldas fili\u0101leKonts: LV15UNLA0027800130404Kods: UNLALV2X","_links":{"self":[{"href":"https:\/\/sig1psk.lv\/index.php\/wp-json\/wp\/v2\/pages\/94","targetHints":{"allow":["GET"]}}],"collection":[{"href":"https:\/\/sig1psk.lv\/index.php\/wp-json\/wp\/v2\/pages"}],"about":[{"href":"https:\/\/sig1psk.lv\/index.php\/wp-json\/wp\/v2\/types\/page"}],"author":[{"embeddable":true,"href":"https:\/\/sig1psk.lv\/index.php\/wp-json\/wp\/v2\/users\/2"}],"replies":[{"embeddable":true,"href":"https:\/\/sig1psk.lv\/index.php\/wp-json\/wp\/v2\/comments?post=94"}],"version-history":[{"count":5,"href":"https:\/\/sig1psk.lv\/index.php\/wp-json\/wp\/v2\/pages\/94\/revisions"}],"predecessor-version":[{"id":1078,"href":"https:\/\/sig1psk.lv\/index.php\/wp-json\/wp\/v2\/pages\/94\/revisions\/1078"}],"up":[{"embeddable":true,"href":"https:\/\/sig1psk.lv\/index.php\/wp-json\/wp\/v2\/pages\/8"}],"wp:attachment":[{"href":"https:\/\/sig1psk.lv\/index.php\/wp-json\/wp\/v2\/media?parent=94"}],"curies":[{"name":"wp","href":"https:\/\/api.w.org\/{rel}","templated":true}]}}