{"id":922,"date":"2023-11-18T17:37:12","date_gmt":"2023-11-18T15:37:12","guid":{"rendered":"https:\/\/sig1psk.lv\/?page_id=922"},"modified":"2025-06-11T09:39:14","modified_gmt":"2025-06-11T07:39:14","slug":"sasaiste-ar-macibu-procesu","status":"publish","type":"page","link":"https:\/\/sig1psk.lv\/index.php\/sasaiste-ar-macibu-procesu\/","title":{"rendered":"SASAISTE AR M\u0100C\u012aBU PROCESU"},"content":{"rendered":"\n<p class=\"has-text-align-left\" style=\"font-size:17px\"><a href=\"https:\/\/sig1psk.lv\/wp-content\/uploads\/2025\/06\/ekostunda_universalsstundasdizains.pdf\"><strong>Univers\u0101l\u0101 dizaina stundas pl\u0101ns &#8211; Ekostunda<\/strong><\/a><\/p>\n\n\n\n<p><\/p>\n","protected":false},"excerpt":{"rendered":"<p>Univers\u0101l\u0101 dizaina stundas pl\u0101ns &#8211; Ekostunda<\/p>\n","protected":false},"author":2,"featured_media":0,"parent":0,"menu_order":0,"comment_status":"closed","ping_status":"closed","template":"","meta":{"footnotes":""},"class_list":["post-922","page","type-page","status-publish"],"rttpg_featured_image_url":null,"rttpg_author":{"display_name":"Siguldas Pamatskola","author_link":"https:\/\/sig1psk.lv\/index.php\/author\/admins\/"},"rttpg_comment":0,"rttpg_category":null,"rttpg_excerpt":"Univers\u0101l\u0101 dizaina stundas pl\u0101ns &#8211; Ekostunda","_links":{"self":[{"href":"https:\/\/sig1psk.lv\/index.php\/wp-json\/wp\/v2\/pages\/922","targetHints":{"allow":["GET"]}}],"collection":[{"href":"https:\/\/sig1psk.lv\/index.php\/wp-json\/wp\/v2\/pages"}],"about":[{"href":"https:\/\/sig1psk.lv\/index.php\/wp-json\/wp\/v2\/types\/page"}],"author":[{"embeddable":true,"href":"https:\/\/sig1psk.lv\/index.php\/wp-json\/wp\/v2\/users\/2"}],"replies":[{"embeddable":true,"href":"https:\/\/sig1psk.lv\/index.php\/wp-json\/wp\/v2\/comments?post=922"}],"version-history":[{"count":8,"href":"https:\/\/sig1psk.lv\/index.php\/wp-json\/wp\/v2\/pages\/922\/revisions"}],"predecessor-version":[{"id":3086,"href":"https:\/\/sig1psk.lv\/index.php\/wp-json\/wp\/v2\/pages\/922\/revisions\/3086"}],"wp:attachment":[{"href":"https:\/\/sig1psk.lv\/index.php\/wp-json\/wp\/v2\/media?parent=922"}],"curies":[{"name":"wp","href":"https:\/\/api.w.org\/{rel}","templated":true}]}}