{"id":798,"date":"2023-11-18T10:09:29","date_gmt":"2023-11-18T08:09:29","guid":{"rendered":"https:\/\/sig1psk.lv\/?page_id=798"},"modified":"2023-12-10T15:08:02","modified_gmt":"2023-12-10T13:08:02","slug":"2023-2024-m-g-ii-semestris","status":"publish","type":"page","link":"https:\/\/sig1psk.lv\/index.php\/projekti\/latvijas-skolas-soma\/2023-2024-m-g-ii-semestris\/","title":{"rendered":"2022.\/2023. M. G. II SEMESTRIS"},"content":{"rendered":"\n<p style=\"font-size:17px\">Kult\u016brizgl\u012bt\u012bbas programma\u00a0<em>Latvijas skolas soma<\/em>\u00a0ir liel\u0101k\u0101 valsts simtgades d\u0101vana. T\u0101s m\u0113r\u0137is ir, s\u0101kot ar 2018. gada septembri, nodro\u0161in\u0101t katram m\u016bsu valsts skol\u0113nam iesp\u0113ju vismaz vienu reizi m\u0101c\u012bbu semestra laik\u0101 kl\u0101tien\u0113 iepaz\u012bt Latviju m\u0101kslas un kult\u016bras noris\u0113s (m\u016bzik\u0101, te\u0101tr\u012b, dej\u0101, cirk\u0101, vizu\u0101laj\u0101 m\u0101ksl\u0101, kino, arhitekt\u016br\u0101, dizain\u0101, materi\u0101laj\u0101 un nemateri\u0101laj\u0101 kult\u016bras mantojum\u0101, literat\u016br\u0101 un gr\u0101matniec\u012bb\u0101), tai skait\u0101 izzin\u0101t Latvijas valstiskuma att\u012bst\u012bbas un saglab\u0101\u0161anas liec\u012bbas, Latvijas kult\u016brainavu, kult\u016bras v\u0113rt\u012bbas un laikmet\u012bg\u0101s izpausmes, v\u0113sturisko mantojumu un rado\u0161\u0101s industrijas, un kas saist\u012btas ar m\u0101c\u012bbu un audzin\u0101\u0161anas darba saturu.\u00a0 Siguldas 1. pamatskola \u0161aj\u0101 programm\u0101 piedal\u0101s jau 4. gadu.<\/p>\n\n\n\n<p><\/p>\n\n\n\n<p><\/p>\n\n\n\n<p><\/p>\n\n\n\n<p><\/p>\n\n\n\n<p style=\"font-size:21px\"><strong>Siguldas 1.pamatskol\u0101 viesojas Valmieras dr\u0101mas te\u0101tris<\/strong><\/p>\n\n\n\n<p style=\"font-size:17px\">20. apr\u012bl\u012b Siguldas 1. pamatskolas 1.-4. kla\u0161u skol\u0113ni kult\u016brizgl\u012bt\u012bbas programmas &#8220;Latvijas skolas soma&#8221; ietvaros noskat\u012bj\u0101s Valmieras dr\u0101mas te\u0101tra izr\u0101di \u201cSlinkums\u201d.<\/p>\n\n\n\n<p style=\"font-size:17px\">Skol\u0113ni ar patiesu prieku un uzman\u012bbu v\u0113roja izr\u0101di par to, k\u0101 tr\u012bs draugi nok\u013cuva slinkuma pasaul\u0113, kura \u0161\u0137ita villino\u0161a, ieinteres\u0113ta ievilkt ikkatru sav\u0101 var\u0101.&nbsp;<\/p>\n\n\n\n<p style=\"font-size:17px\">Skol\u0113ni saprata, ka j\u0101b\u016bt uzman\u012bgiem, lai slinko\u0161ana nekait\u0113 pr\u0101tam, vesel\u012bbai un ikdienas gait\u0101m. T\u0101 atg\u0101din\u0101ja, cik svar\u012bgi ir \u0113st pareizi, regul\u0101ri t\u012br\u012bt zobus un laic\u012bgi pild\u012bt uzdotos uzdevumus.&nbsp;<\/p>\n\n\n\n<figure class=\"wp-block-image\"><img decoding=\"async\" src=\"https:\/\/www.sig1psk.lv\/upload\/Image\/gallery\/skolas%20soma\/WhatsApp%20Image%202023-04-20%20at%2015_03_57.jpeg\" alt=\"\"\/><\/figure>\n\n\n\n<p><\/p>\n\n\n\n<p style=\"font-size:21px\"><strong>Skol\u0113ni radi savus st\u0101stus rakstnieces vad\u012bb\u0101<\/strong><\/p>\n\n\n\n<p style=\"font-size:17px\">17.un 19. apr\u012bl\u012b Siguldas 1. pamatskolas 8.-9. kla\u0161u skol\u0113ni kult\u016brizgl\u012bt\u012bbas programmas &#8220;Latvijas skolas soma&#8221; ietvaros piedal\u012bj\u0101s izgl\u012btojo\u0161\u0101 lekcij\u0101 &#8220;Ce\u013ca gal\u0101 st\u0101sts&#8221;, ko vad\u012bja rakstniece Laura Vinogradova.<\/p>\n\n\n\n<p style=\"font-size:17px\">Skol\u0113niem bija iesp\u0113ja uzklaus\u012bt rakstnieci un dal\u012bties ar\u012b sav\u0101 pieredz\u0113 par to, k\u0101 top st\u0101sts.&nbsp; L.Vinogradova cent\u0101s p\u0101rliecin\u0101t skol\u0113nus p\u0101rvar\u0113t bailes, pa\u0161iem sa\u0146emties un rad\u012bt st\u0101stu, nebaid\u012bties to past\u0101st\u012bt ar\u012b citiem. Praktiski darbojoties, skol\u0113ni uzzin\u0101ja, ka no pavisam ikdieni\u0161\u0137iem s\u012bkumiem ir iesp\u0113jams rad\u012bt st\u0101stus ar da\u017e\u0101diem notikumiem. Past\u0101stot tos citiem, jautr\u012bba neizpalika.<\/p>\n\n\n\n<figure class=\"wp-block-image\"><img decoding=\"async\" src=\"https:\/\/www.sig1psk.lv\/upload\/Image\/gallery\/skolas%20soma\/WhatsApp%20Image%202023-04-20%20at%2008_15_57.jpeg\" alt=\"\"\/><\/figure>\n\n\n\n<p><\/p>\n\n\n\n<p style=\"font-size:21px\"><strong>Raitis Zapackis ar st\u0101stiem par pasak\u0101m ciemojas Siguldas 1.pamatskol\u0101<\/strong><\/p>\n\n\n\n<p style=\"font-size:17px\">13. apr\u012bl\u012b Siguldas 1. pamatskolas 4.-7. kla\u0161u skol\u0113ni kult\u016bizgl\u012bt\u012bbas programmas &#8220;Latvijas skolas soma&#8221; ietvaros piedal\u012bj\u0101s nodarb\u012bb\u0101 &#8220;Pasakas no pirms\u0101kumiem l\u012bdz m\u016bsdien\u0101m&#8221;. No pas\u0101kuma vad\u012bt\u0101ja Raita Zapacka st\u0101st\u012bjuma un interesantajiem las\u012bjumiem skol\u0113ni uzzin\u0101ja latvie\u0161u tautas un pasaules pasaku v\u0113sturi, t\u0113lu daudzveid\u012bbu un to mai\u0146u laikam ejot.<\/p>\n\n\n\n<p style=\"font-size:17px\">St\u0101stnieks pat\u012bkami p\u0101rsteidza ar savu vizu\u0101lo izskatu, prasm\u0113m dzied\u0101t, main\u012bt balss inton\u0101ciju un ieinteres\u0113\u0161anu uz br\u012bv\u0101m sarun\u0101m. Aizraujo\u0161a bija st\u0101stnieka pa\u0161a uzrakst\u012bt\u0101 pasaka par dz\u0113\u0161gumiju. Skol\u0113ni ar\u012b tika aicin\u0101ti rakst\u012bt pasakas p\u0113c m\u0101kslinieka atst\u0101t\u0101 veiksm\u012bgas pasakas rakst\u012b\u0161anas algoritma.<\/p>\n\n\n\n<p style=\"font-size:17px\">\u0160is pas\u0101kums ir viens no so\u013ciem ce\u013c\u0101 uz las\u012b\u0161anas veicin\u0101\u0161anu, kas \u0161ogad ir gan skolas, gan Siguldas novada priorit\u0101te.<\/p>\n\n\n\n<figure class=\"wp-block-image\"><img decoding=\"async\" src=\"https:\/\/www.sig1psk.lv\/upload\/Image\/gallery\/skolas%20soma\/IMG-20230414-WA0005.jpg\" alt=\"\"\/><\/figure>\n\n\n\n<figure class=\"wp-block-image\"><img decoding=\"async\" src=\"https:\/\/www.sig1psk.lv\/upload\/Image\/gallery\/skolas%20soma\/IMG-20230414-WA0002.jpg\" alt=\"\"\/><\/figure>\n\n\n\n<p><\/p>\n\n\n\n<p style=\"font-size:21px\"><strong>Siguldas 1. pamatskolas skol\u0113ni rado\u0161i raksta un bl\u0113\u0146ojas<\/strong><\/p>\n\n\n\n<p style=\"font-size:17px\">20.-22. mart\u0101 Siguldas 1. pamatskolas 5.-7. kla\u0161u skol\u0113ni projekta &#8220;Latvijas skolas soma&#8221; laik\u0101 piedal\u012bj\u0101s Rakstniec\u012bbas un m\u016bzikas muzeja r\u012bkotaj\u0101s nodarb\u012bb\u0101s &#8220;Bl\u0113\u0146as un Ziedonis&#8221;<br>Nodarb\u012bb\u0101s skol\u0113ni uzzin\u0101ja, ko, k\u0101 un k\u0101p\u0113c v\u0101c un glab\u0101 Rakstniec\u012bbas un m\u016bzikas muzej\u0101. Tad skol\u0113nu uzdevums bija noklaus\u012bties I. Ziedo\u0146a darbu &#8220;Pasaka par smalku \u017eogu&#8221; un saprast, k\u0101da ir pasakas, kur kop\u0101 darbojas da\u017e\u0101di t\u0113li, doma. P\u0113c tam skol\u0113niem pa\u0161iem bija iesp\u0113ja rado\u0161i izpausties &#8211; rad\u012bt pasaku, kur darbojas t\u0113li no da\u017e\u0101d\u0101m I. Ziedo\u0146a pasak\u0101m.<br>&nbsp;<br>7.b klases skol\u0113ni p\u0113c nodarb\u012bbas secin\u0101ja: \u201cNodarb\u012bba bija lieliska, labi, ja \u0161\u0101das literat\u016bras stundas b\u016btu bie\u017e\u0101k, jo tad var dar\u012bt kaut ko citu, izklaid\u0113ties un uzzin\u0101t kaut ko jaunu\u201d.&nbsp;<\/p>\n\n\n\n<figure class=\"wp-block-image\"><img decoding=\"async\" src=\"https:\/\/www.sig1psk.lv\/upload\/Image\/gallery\/skolas%20soma\/IMG-20230322-WA0006.jpg\" alt=\"\"\/><\/figure>\n\n\n\n<p><\/p>\n\n\n\n<p style=\"font-size:21px\"><strong>Siguldas 1.pamatskolas skol\u0113ni piedal\u0101s izzino\u0161\u0101 nodarb\u012bb\u0101<\/strong><\/p>\n\n\n\n<p style=\"font-size:17px\">Siguldas 1. pamatskolas 1.-9. kla\u0161u skol\u0113niem programmas \u201cLatvijas skolas soma\u201d ietvaros bija iesp\u0113ja piedal\u012bties SIA \u201cRUTARE\u201d z\u012bmola \u201cIk\u0161\u0137iles sald\u0113jums\u201d r\u012bkotaj\u0101s izzino\u0161\u0101s nodarb\u012bb\u0101s \u201cSald\u0113jums v\u0113stur\u0113 un m\u0101ksl\u0101\u201d.&nbsp;<\/p>\n\n\n\n<p style=\"font-size:17px\">Nodarb\u012bb\u0101s uz\u0146\u0113muma p\u0101rst\u0101vji iepaz\u012bstin\u0101ja ar sald\u0113juma ra\u0161an\u0101s v\u0113sturi un ce\u013cu l\u012bdz m\u016bsdienu galdam. Izr\u0101d\u0101s, ka sald\u0113jumu var gleznot un ar sald\u0113jumu var gleznot. St\u0101st\u012bjumu pavad\u012bja interesanta prezent\u0101cija, demonstr\u0113jumi un da\u017e\u0101du sald\u0113jumu degust\u0101cija.<\/p>\n\n\n\n<figure class=\"wp-block-image\"><img decoding=\"async\" src=\"https:\/\/www.sig1psk.lv\/upload\/Image\/gallery\/skolas%20soma\/IMG-20221213-WA0001.jpg\" alt=\"\"\/><\/figure>\n","protected":false},"excerpt":{"rendered":"<p>Kult\u016brizgl\u012bt\u012bbas programma\u00a0Latvijas skolas soma\u00a0ir liel\u0101k\u0101 valsts simtgades d\u0101vana. T\u0101s m\u0113r\u0137is ir, s\u0101kot ar 2018. gada septembri, nodro\u0161in\u0101t katram m\u016bsu valsts skol\u0113nam iesp\u0113ju vismaz vienu reizi m\u0101c\u012bbu semestra laik\u0101 kl\u0101tien\u0113 iepaz\u012bt &#8230; <a title=\"2022.\/2023. M. G. II SEMESTRIS\" class=\"read-more\" href=\"https:\/\/sig1psk.lv\/index.php\/projekti\/latvijas-skolas-soma\/2023-2024-m-g-ii-semestris\/\" aria-label=\"Read more about 2022.\/2023. M. G. II SEMESTRIS\">Las\u012bt t\u0101l\u0101k<\/a><\/p>\n","protected":false},"author":2,"featured_media":0,"parent":162,"menu_order":0,"comment_status":"closed","ping_status":"closed","template":"","meta":{"footnotes":""},"class_list":["post-798","page","type-page","status-publish"],"rttpg_featured_image_url":null,"rttpg_author":{"display_name":"Siguldas Pamatskola","author_link":"https:\/\/sig1psk.lv\/index.php\/author\/admins\/"},"rttpg_comment":0,"rttpg_category":null,"rttpg_excerpt":"Kult\u016brizgl\u012bt\u012bbas programma\u00a0Latvijas skolas soma\u00a0ir liel\u0101k\u0101 valsts simtgades d\u0101vana. T\u0101s m\u0113r\u0137is ir, s\u0101kot ar 2018. gada septembri, nodro\u0161in\u0101t katram m\u016bsu valsts skol\u0113nam iesp\u0113ju vismaz vienu reizi m\u0101c\u012bbu semestra laik\u0101 kl\u0101tien\u0113 iepaz\u012bt ... Las\u012bt t\u0101l\u0101k","_links":{"self":[{"href":"https:\/\/sig1psk.lv\/index.php\/wp-json\/wp\/v2\/pages\/798","targetHints":{"allow":["GET"]}}],"collection":[{"href":"https:\/\/sig1psk.lv\/index.php\/wp-json\/wp\/v2\/pages"}],"about":[{"href":"https:\/\/sig1psk.lv\/index.php\/wp-json\/wp\/v2\/types\/page"}],"author":[{"embeddable":true,"href":"https:\/\/sig1psk.lv\/index.php\/wp-json\/wp\/v2\/users\/2"}],"replies":[{"embeddable":true,"href":"https:\/\/sig1psk.lv\/index.php\/wp-json\/wp\/v2\/comments?post=798"}],"version-history":[{"count":9,"href":"https:\/\/sig1psk.lv\/index.php\/wp-json\/wp\/v2\/pages\/798\/revisions"}],"predecessor-version":[{"id":1167,"href":"https:\/\/sig1psk.lv\/index.php\/wp-json\/wp\/v2\/pages\/798\/revisions\/1167"}],"up":[{"embeddable":true,"href":"https:\/\/sig1psk.lv\/index.php\/wp-json\/wp\/v2\/pages\/162"}],"wp:attachment":[{"href":"https:\/\/sig1psk.lv\/index.php\/wp-json\/wp\/v2\/media?parent=798"}],"curies":[{"name":"wp","href":"https:\/\/api.w.org\/{rel}","templated":true}]}}