{"id":796,"date":"2023-10-18T10:06:54","date_gmt":"2023-10-18T08:06:54","guid":{"rendered":"https:\/\/sig1psk.lv\/?page_id=796"},"modified":"2023-12-10T15:02:01","modified_gmt":"2023-12-10T13:02:01","slug":"2023-2024-m-g-i-semestris","status":"publish","type":"page","link":"https:\/\/sig1psk.lv\/index.php\/projekti\/latvijas-skolas-soma\/2023-2024-m-g-i-semestris\/","title":{"rendered":"2023.\/2024. M. G. I SEMESTRIS"},"content":{"rendered":"\n<p><\/p>\n\n\n\n<p><\/p>\n\n\n\n<h2 class=\"wp-block-heading\">Te\u0101tra izr\u0101de&nbsp;&#8220;Cauru\u013czobis vien\u012bgais&#8221;<\/h2>\n\n\n\n<p style=\"font-size:17px\">13. novembr\u012b Siguldas 1.pamatskolas 1.-3. kla\u0161u skol\u0113ni kult\u016brizgl\u012bt\u012bbas programmas &#8220;Latvijas skolas soma&#8221; ietvaros noskat\u012bj\u0101s te\u0101tra izr\u0101di &#8220;Cauru\u013czobis vien\u012bgais&#8221;.<\/p>\n\n\n\n<p style=\"font-size:17px\">Skol\u0113ni ar patiesu prieku un uzman\u012bbu v\u0113roja izr\u0101di- m\u0113mo detekt\u012bvu. Izr\u0101de notika bez v\u0101rdiem, piem\u0113rotas m\u016bzikas gaisotn\u0113 tr\u012bs aktieri iejut\u0101s da\u017e\u0101d\u0101s lom\u0101s. Ar m\u012bmiku un \u017eestiem vi\u0146i atkl\u0101ja emocijas un nedeva skat\u012bt\u0101jiem inform\u0101ciju par neparasto dz\u012bvnieku pel\u0113kbr\u016bn\u0101 kr\u0101sa. Vi\u0146am bija \u010detras \u012bsas k\u0101jas, za\u0137a ausis, c\u016bkas \u0161\u0146ukurs, \u0137engura aste. Vi\u0146\u0161, k\u0101 visi mazu\u013ci, pie\u0137\u0113r\u0101s savai m\u012b\u013cmanti\u0146ai, b\u0113d\u0101j\u0101s&nbsp;un baid\u012bj\u0101s no \u0101rsta, skuma p\u0113c draugiem. Izr\u0101d\u012bj\u0101s, ka cauru\u013czobim ir talants, vi\u0146am padodas dzied\u0101\u0161ana. Nakts melnum\u0101 cauru\u013czobis tika nolaup\u012bts, ta\u010du p\u0113c ilg\u0101ka laika veiksm\u012bgi mon\u0101ca atpaka\u013c zood\u0101rz\u0101 pie saviem kop\u0113jiem.<\/p>\n\n\n\n<p style=\"font-size:17px\">\u0160is darbs lika aizdom\u0101ties par cilv\u0113ku atbild\u012bbu un attiec\u012bb\u0101m ar dz\u012bvniekiem.<\/p>\n\n\n\n<figure class=\"wp-block-image\"><img decoding=\"async\" src=\"https:\/\/www.sig1psk.lv\/upload\/Image\/skolas_soma.jpeg\" alt=\"\"\/><\/figure>\n\n\n\n<p><\/p>\n\n\n\n\n\n<h2 class=\"wp-block-heading\">Muzik\u0101l\u0101&nbsp;izr\u0101de&nbsp;&#8220;Makss un Morics&#8221;<\/h2>\n\n\n\n<p style=\"font-size:17px\">3.novembr\u012b 4.-6. kla\u0161u skol\u0113niem skol\u0101 bija iesp\u0113ja noskat\u012bties komponistu J\u0101\u0146a \u0136ir\u0161a un Andra S\u0113j\u0101na muzik\u0101lo izr\u0101di &#8220;Makss un Morics&#8221;.<\/p>\n\n\n\n<p style=\"font-size:17px\">Skol\u0113niem bija iesp\u0113ja skat\u012bties un klaus\u012bties delveru Maksa un Morica septi\u0146os neparast\u0101kajos savas dz\u012bves atgad\u012bjumos ar vis\u0101m no t\u0101 izrieto\u0161aj\u0101m sek\u0101m. \u0160aj\u0101 izr\u0101d\u0113 Makss un Morics ir iek\u0101pu\u0161i 21. gadsimta kurp\u0113s, t\u0101d\u0113\u013c redz\u0113j\u0101m ar\u012b, ka vi\u0146iem pat\u012bk telefons un videosp\u0113les. Palaidn\u012bbas tika izdzied\u0101tas jautr\u0101s dziesm\u0101s, dzird\u0113j\u0101m ar\u012b hiphop stila m\u016bziku. Savuk\u0101rt, lai rosin\u0101tu izr\u0101des interaktivit\u0101ti un \u013cautu auditorijai l\u012bdzdarboties, izr\u0101des galvenie varo\u0146i kop\u0101 ar publiku lems, ko p\u0113c katra pastr\u0101d\u0101t\u0101 nedarba dar\u012bt ar palaid\u0146iem. izr\u0101des nosl\u0113gum\u0101 skol\u0113ni uzzin\u0101ja, ko dar\u012bt, ja k\u0101dam dara p\u0101ri, ka palaidn\u012bbas var b\u016bt gan labas, gan \u013caunas.<\/p>\n\n\n\n<figure class=\"wp-block-image\"><img decoding=\"async\" src=\"https:\/\/www.sig1psk.lv\/upload\/Image\/makss_m2.jpeg\" alt=\"\"\/><\/figure>\n\n\n\n<figure class=\"wp-block-image\"><img decoding=\"async\" src=\"https:\/\/www.sig1psk.lv\/upload\/Image\/makss_m.jpeg\" alt=\"\"\/><\/figure>\n\n\n\n<p><\/p>\n\n\n\n<h2 class=\"wp-block-heading\"><\/h2>\n\n\n\n<h2 class=\"wp-block-heading\">\u0112rika Vilsona monoizr\u0101de&nbsp;&#8220;Nez\u0101le&#8221;<\/h2>\n\n\n\n<p style=\"font-size:17px\">19.oktobr\u012b 7.-9. kla\u0161u skol\u0113niem skol\u0101 bija iesp\u0113ja noskat\u012bties \u0112rika Vilsona monoizr\u0101di &#8220;Nez\u0101le&#8221;.<\/p>\n\n\n\n<p style=\"font-size:17px\">Izr\u0101de, kas veidota p\u0113c R\u016bdolfa Blauma\u0146a lugas mot\u012bviem, aktieris un re\u017eisors \u0112riks Vilsons akt\u012bvi iesaist\u012bja auditoriju, izst\u0101stot st\u0101stu par jaunie\u0161u pirmo m\u012blest\u012bbu, pa\u0161cie\u0146u un nepak\u013cau\u0161anos.<\/p>\n\n\n\n<p style=\"font-size:17px\">Pas\u0101kuma m\u0113r\u0137is bija stiprin\u0101t izgl\u012btojamo nacion\u0101lo identit\u0101ti, pilsoniskuma un valstisk\u0101s pieder\u012bbas apzi\u0146u. P\u0113c izr\u0101des sarun\u0101s ar m\u0101kslinieku skol\u0113niem bija iesp\u0113ja noskaidrot, k\u0101 top izr\u0101des un k\u0101du profesiju p\u0101rst\u0101vji piedal\u0101s to rad\u012b\u0161an\u0101.<\/p>\n\n\n\n<figure class=\"wp-block-image\"><img decoding=\"async\" src=\"https:\/\/www.sig1psk.lv\/upload\/Image\/vilsons(1).jpeg\" alt=\"\"\/><\/figure>\n","protected":false},"excerpt":{"rendered":"<p>Te\u0101tra izr\u0101de&nbsp;&#8220;Cauru\u013czobis vien\u012bgais&#8221; 13. novembr\u012b Siguldas 1.pamatskolas 1.-3. kla\u0161u skol\u0113ni kult\u016brizgl\u012bt\u012bbas programmas &#8220;Latvijas skolas soma&#8221; ietvaros noskat\u012bj\u0101s te\u0101tra izr\u0101di &#8220;Cauru\u013czobis vien\u012bgais&#8221;. Skol\u0113ni ar patiesu prieku un uzman\u012bbu v\u0113roja izr\u0101di- m\u0113mo &#8230; <a title=\"2023.\/2024. M. G. I SEMESTRIS\" class=\"read-more\" href=\"https:\/\/sig1psk.lv\/index.php\/projekti\/latvijas-skolas-soma\/2023-2024-m-g-i-semestris\/\" aria-label=\"Read more about 2023.\/2024. M. G. I SEMESTRIS\">Las\u012bt t\u0101l\u0101k<\/a><\/p>\n","protected":false},"author":2,"featured_media":0,"parent":162,"menu_order":0,"comment_status":"closed","ping_status":"closed","template":"","meta":{"footnotes":""},"class_list":["post-796","page","type-page","status-publish"],"rttpg_featured_image_url":null,"rttpg_author":{"display_name":"Siguldas Pamatskola","author_link":"https:\/\/sig1psk.lv\/index.php\/author\/admins\/"},"rttpg_comment":0,"rttpg_category":null,"rttpg_excerpt":"Te\u0101tra izr\u0101de&nbsp;&#8220;Cauru\u013czobis vien\u012bgais&#8221; 13. novembr\u012b Siguldas 1.pamatskolas 1.-3. kla\u0161u skol\u0113ni kult\u016brizgl\u012bt\u012bbas programmas &#8220;Latvijas skolas soma&#8221; ietvaros noskat\u012bj\u0101s te\u0101tra izr\u0101di &#8220;Cauru\u013czobis vien\u012bgais&#8221;. Skol\u0113ni ar patiesu prieku un uzman\u012bbu v\u0113roja izr\u0101di- m\u0113mo ... Las\u012bt t\u0101l\u0101k","_links":{"self":[{"href":"https:\/\/sig1psk.lv\/index.php\/wp-json\/wp\/v2\/pages\/796","targetHints":{"allow":["GET"]}}],"collection":[{"href":"https:\/\/sig1psk.lv\/index.php\/wp-json\/wp\/v2\/pages"}],"about":[{"href":"https:\/\/sig1psk.lv\/index.php\/wp-json\/wp\/v2\/types\/page"}],"author":[{"embeddable":true,"href":"https:\/\/sig1psk.lv\/index.php\/wp-json\/wp\/v2\/users\/2"}],"replies":[{"embeddable":true,"href":"https:\/\/sig1psk.lv\/index.php\/wp-json\/wp\/v2\/comments?post=796"}],"version-history":[{"count":8,"href":"https:\/\/sig1psk.lv\/index.php\/wp-json\/wp\/v2\/pages\/796\/revisions"}],"predecessor-version":[{"id":1160,"href":"https:\/\/sig1psk.lv\/index.php\/wp-json\/wp\/v2\/pages\/796\/revisions\/1160"}],"up":[{"embeddable":true,"href":"https:\/\/sig1psk.lv\/index.php\/wp-json\/wp\/v2\/pages\/162"}],"wp:attachment":[{"href":"https:\/\/sig1psk.lv\/index.php\/wp-json\/wp\/v2\/media?parent=796"}],"curies":[{"name":"wp","href":"https:\/\/api.w.org\/{rel}","templated":true}]}}