{"id":47,"date":"2023-08-14T11:00:32","date_gmt":"2023-08-14T09:00:32","guid":{"rendered":"https:\/\/sig1psk.lv\/?page_id=47"},"modified":"2025-09-03T12:21:02","modified_gmt":"2025-09-03T10:21:02","slug":"par-mums","status":"publish","type":"page","link":"https:\/\/sig1psk.lv\/index.php\/par-skolu\/par-mums\/","title":{"rendered":"PAR MUMS"},"content":{"rendered":"\n<figure class=\"wp-block-image size-large is-resized\"><img loading=\"lazy\" decoding=\"async\" width=\"1024\" height=\"724\" src=\"https:\/\/sig1psk.lv\/wp-content\/uploads\/2023\/08\/skola1-1-1024x724.png\" alt=\"\" class=\"wp-image-514\" style=\"width:914px;height:646px\" srcset=\"https:\/\/sig1psk.lv\/wp-content\/uploads\/2023\/08\/skola1-1-1024x724.png 1024w, https:\/\/sig1psk.lv\/wp-content\/uploads\/2023\/08\/skola1-1-300x212.png 300w, https:\/\/sig1psk.lv\/wp-content\/uploads\/2023\/08\/skola1-1-768x543.png 768w, https:\/\/sig1psk.lv\/wp-content\/uploads\/2023\/08\/skola1-1-1536x1087.png 1536w, https:\/\/sig1psk.lv\/wp-content\/uploads\/2023\/08\/skola1-1.png 1600w\" sizes=\"auto, (max-width: 1024px) 100vw, 1024px\" \/><\/figure>\n\n\n\n<p><\/p>\n\n\n\n<p style=\"font-size:16px\">Skolas pirms\u0101kumi saist\u0101mi ar 1869. gadu. Tagad no mazas lauku skoli\u0146as ir izaugusi viena no liel\u0101kaj\u0101m un lab\u0101kaj\u0101m Pier\u012bgas novadu pamatskol\u0101m. 2017.gad\u0101 skola ir ieguvusi Ekoskolas nosaukumu. 2018.\/2019. m\u0101c\u012bbu gad\u0101 skola nesa A\/S Latvijas Valsts Me\u017ei projekta \u201cMammadaba\u201d v\u0113stniec\u012bbas titulu.<\/p>\n\n\n\n<p style=\"font-size:16px\">2024.\/2025.m.g. skol\u0101 m\u0101c\u0101s 528 skol\u0113ni un str\u0101d\u0101 48 pedagogi. Skol\u0101 ir akredit\u0113tas 2 pamatizgl\u012bt\u012bbas programmas: visp\u0101r\u0113j\u0101s pamatizgl\u012bt\u012bbas programma un speci\u0101l\u0101s pamatizgl\u012bt\u012bbas programma izgl\u012btojamajiem ar m\u0101c\u012b\u0161an\u0101s trauc\u0113jumiem.<\/p>\n\n\n\n<p style=\"font-size:16px\">Skol\u0101 tiek pied\u0101v\u0101ta daudzpus\u012bga intere\u0161u izgl\u012bt\u012bba. Skolas z\u0113nu un meite\u0146u kori un deju kolekt\u012bvs \u201cPuren\u012bte\u201d ir vair\u0101kk\u0101rt\u0113ju Vislatvijas skol\u0113nu Dziesmu un deju sv\u0113tku dal\u012bbnieki. Skolas audz\u0113k\u0146i ir uzr\u0101d\u012bju\u0161i lieliskus rezult\u0101tus latvie\u0161u valodas, matem\u0101tikas, biolo\u0123ijas, v\u0113stures un \u0137\u012bmijas novada un valsts olimpi\u0101d\u0113s.<\/p>\n\n\n\n<figure class=\"wp-block-image size-large is-resized\"><img loading=\"lazy\" decoding=\"async\" width=\"1024\" height=\"858\" src=\"https:\/\/sig1psk.lv\/wp-content\/uploads\/2023\/08\/acs-1024x858.jpeg\" alt=\"\" class=\"wp-image-515\" style=\"width:521px;height:437px\" srcset=\"https:\/\/sig1psk.lv\/wp-content\/uploads\/2023\/08\/acs-1024x858.jpeg 1024w, https:\/\/sig1psk.lv\/wp-content\/uploads\/2023\/08\/acs-300x251.jpeg 300w, https:\/\/sig1psk.lv\/wp-content\/uploads\/2023\/08\/acs-768x644.jpeg 768w, https:\/\/sig1psk.lv\/wp-content\/uploads\/2023\/08\/acs.jpeg 1432w\" sizes=\"auto, (max-width: 1024px) 100vw, 1024px\" \/><\/figure>\n\n\n\n<p><\/p>\n\n\n\n<p style=\"font-size:16px\">Siguldas 1. pamatskola ir vide, kur\u0101 skol\u0113nam ir iesp\u0113ja nov\u0113rt\u0113t dz\u012bves v\u0113rt\u012bbas, uz\u0146emties atbild\u012bbu par savu izv\u0113li un r\u012bc\u012bbu, izvirz\u012bt m\u0113r\u0137us, tiekties uz izaugsmi, lai \u0161os m\u0113r\u0137us \u012bstenotu. Skol\u0113ns var izpausties rado\u0161i, izmantojot savas zin\u0101\u0161anas un talantus, k\u0101 ar\u012b justies pa\u0161p\u0101rliecin\u0101ts, to darot. T\u0101d\u0113\u013c ar\u012b Siguldas 1. pamatskola savu skol\u0113nu redz k\u0101 cilv\u0113c\u012bgu, atbild\u012bgu, m\u0113r\u0137tiec\u012bgu, zin\u0101tk\u0101ru, rado\u0161u, pa\u0161p\u0101rliecin\u0101tu un akt\u012bvu cilv\u0113ku.<\/p>\n\n\n\n<figure class=\"wp-block-image size-large\"><img loading=\"lazy\" decoding=\"async\" width=\"1024\" height=\"724\" src=\"https:\/\/sig1psk.lv\/wp-content\/uploads\/2023\/08\/skolens-1-1024x724.png\" alt=\"\" class=\"wp-image-516\" srcset=\"https:\/\/sig1psk.lv\/wp-content\/uploads\/2023\/08\/skolens-1-1024x724.png 1024w, https:\/\/sig1psk.lv\/wp-content\/uploads\/2023\/08\/skolens-1-300x212.png 300w, https:\/\/sig1psk.lv\/wp-content\/uploads\/2023\/08\/skolens-1-768x543.png 768w, https:\/\/sig1psk.lv\/wp-content\/uploads\/2023\/08\/skolens-1-1536x1087.png 1536w, https:\/\/sig1psk.lv\/wp-content\/uploads\/2023\/08\/skolens-1.png 1600w\" sizes=\"auto, (max-width: 1024px) 100vw, 1024px\" \/><\/figure>\n","protected":false},"excerpt":{"rendered":"<p>Skolas pirms\u0101kumi saist\u0101mi ar 1869. gadu. Tagad no mazas lauku skoli\u0146as ir izaugusi viena no liel\u0101kaj\u0101m un lab\u0101kaj\u0101m Pier\u012bgas novadu pamatskol\u0101m. 2017.gad\u0101 skola ir ieguvusi Ekoskolas nosaukumu. 2018.\/2019. m\u0101c\u012bbu gad\u0101 &#8230; <a title=\"PAR MUMS\" class=\"read-more\" href=\"https:\/\/sig1psk.lv\/index.php\/par-skolu\/par-mums\/\" aria-label=\"Read more about PAR MUMS\">Las\u012bt t\u0101l\u0101k<\/a><\/p>\n","protected":false},"author":2,"featured_media":0,"parent":8,"menu_order":1,"comment_status":"closed","ping_status":"closed","template":"","meta":{"footnotes":""},"class_list":["post-47","page","type-page","status-publish"],"rttpg_featured_image_url":null,"rttpg_author":{"display_name":"Siguldas Pamatskola","author_link":"https:\/\/sig1psk.lv\/index.php\/author\/admins\/"},"rttpg_comment":0,"rttpg_category":null,"rttpg_excerpt":"Skolas pirms\u0101kumi saist\u0101mi ar 1869. gadu. Tagad no mazas lauku skoli\u0146as ir izaugusi viena no liel\u0101kaj\u0101m un lab\u0101kaj\u0101m Pier\u012bgas novadu pamatskol\u0101m. 2017.gad\u0101 skola ir ieguvusi Ekoskolas nosaukumu. 2018.\/2019. m\u0101c\u012bbu gad\u0101 ... Las\u012bt t\u0101l\u0101k","_links":{"self":[{"href":"https:\/\/sig1psk.lv\/index.php\/wp-json\/wp\/v2\/pages\/47","targetHints":{"allow":["GET"]}}],"collection":[{"href":"https:\/\/sig1psk.lv\/index.php\/wp-json\/wp\/v2\/pages"}],"about":[{"href":"https:\/\/sig1psk.lv\/index.php\/wp-json\/wp\/v2\/types\/page"}],"author":[{"embeddable":true,"href":"https:\/\/sig1psk.lv\/index.php\/wp-json\/wp\/v2\/users\/2"}],"replies":[{"embeddable":true,"href":"https:\/\/sig1psk.lv\/index.php\/wp-json\/wp\/v2\/comments?post=47"}],"version-history":[{"count":10,"href":"https:\/\/sig1psk.lv\/index.php\/wp-json\/wp\/v2\/pages\/47\/revisions"}],"predecessor-version":[{"id":3291,"href":"https:\/\/sig1psk.lv\/index.php\/wp-json\/wp\/v2\/pages\/47\/revisions\/3291"}],"up":[{"embeddable":true,"href":"https:\/\/sig1psk.lv\/index.php\/wp-json\/wp\/v2\/pages\/8"}],"wp:attachment":[{"href":"https:\/\/sig1psk.lv\/index.php\/wp-json\/wp\/v2\/media?parent=47"}],"curies":[{"name":"wp","href":"https:\/\/api.w.org\/{rel}","templated":true}]}}