{"id":171,"date":"2023-08-17T20:53:36","date_gmt":"2023-08-17T18:53:36","guid":{"rendered":"https:\/\/sig1psk.lv\/?page_id=171"},"modified":"2023-12-10T15:38:20","modified_gmt":"2023-12-10T13:38:20","slug":"2018-2019","status":"publish","type":"page","link":"https:\/\/sig1psk.lv\/index.php\/sasniegumi-2\/2018-2019\/","title":{"rendered":"2018.\/2019."},"content":{"rendered":"\n<h3 class=\"wp-block-heading\">M\u0101c\u012bbu priek\u0161metu olimpi\u0101\u017eu laure\u0101ti 2018.\/2019. m\u0101c\u012bbu gad\u0101<\/h3>\n\n\n\n<figure class=\"wp-block-table\"><table><tbody><tr><th>Olimpi\u0101de<\/th><th>Skol\u0113ns, klase<\/th><th>Skolot\u0101js<\/th><th>Vieta<\/th><\/tr><tr><td>Starpnovadu vizu\u0101l\u0101s m\u0101kslas olimpi\u0101de<\/td><td>Radolfo Jansons 4.c<\/td><td>Laura Rostoka<\/td><td><strong>Atzin\u012bba<\/strong><\/td><\/tr><tr><td>Novadu apvien\u012bbas olimpi\u0101de biolo\u0123ij\u0101&nbsp; &nbsp; &nbsp; &nbsp;<\/td><td>Beatrise Liepi\u0146a 9.a<\/td><td>Ina Slavinska<\/td><td><strong>I<\/strong><\/td><\/tr><tr><td>Novadu apvien\u012bbas Latvie\u0161u valodas un literat\u016bras olimpi\u0101d\u0113 8.-9.klas\u0113m<\/td><td>Kristers Matiass V\u0101vere 8.b<\/td><td>Sintija St\u0101mere<\/td><td><strong>III<\/strong><\/td><\/tr><tr><td>Novadu apvien\u012bbas Latvie\u0161u valodas un literat\u016bras olimpi\u0101d\u0113 8.-9.klas\u0113m<\/td><td>Beatrise Liepi\u0146a 9.a<\/td><td>Elita V\u012bgante<\/td><td><strong>II<\/strong><\/td><\/tr><tr><td>Novadu apvien\u012bbas Ang\u013cu valodas olimpi\u0101de 8.klas\u0113m<\/td><td>Miks Tomass Hi\u017e\u0146ikovs 8.a<\/td><td>Daina Neimane<\/td><td><strong>I<\/strong><\/td><\/tr><tr><td>Novadu apvien\u012bbas Ang\u013cu valodas olimpi\u0101de 8.klas\u0113m<\/td><td>Ingus Roberts Valheims&nbsp;<\/td><td>Daina Neimane<\/td><td><strong>III<\/strong><\/td><\/tr><tr><td>Novadu apvien\u012bbas Ang\u013cu valodas olimpi\u0101de 8.klas\u0113m<\/td><td>Kristers Matiass V\u0101vere<\/td><td>Anita J\u0101zepa<\/td><td><strong>Atzin\u012bba<\/strong><\/td><\/tr><tr><td>Novadu apvien\u012bbas matem\u0101tikas olimpi\u0101de 5.-8.klas\u0113m<\/td><td>Miks Tomass Hi\u017e\u0146ikovs 8.a<\/td><td>Santa Briede \/V.Pried\u012bte\/ V.Ma\u010ds<\/td><td><strong>III<\/strong><\/td><\/tr><tr><td>Novadu apvien\u012bbas matem\u0101tikas olimpi\u0101de 5.-8.klas\u0113m<\/td><td>L\u012bva L\u012bpace 7.b<\/td><td>Lilita Bernharde, V.Pried\u012bte<\/td><td><strong>III<\/strong><\/td><\/tr><tr><td>Novadu apvien\u012bbas matem\u0101tikas olimpi\u0101de 5.-8.klas\u0113m<\/td><td>R\u016bta Meistare 7.b<\/td><td>Lilita Bernharde, V.Pried\u012bte<\/td><td><strong>Atzin\u012bba<\/strong><\/td><\/tr><tr><td>Novadu apvien\u012bbas \u0123eogr\u0101fijas olimpi\u0101de 7.klas\u0113m<\/td><td>L\u012bva L\u012bpace 7.b<\/td><td>Ilze Rauska<\/td><td><strong>Atzin\u012bba<\/strong><\/td><\/tr><tr><td>Novadu apvien\u012bbas Latvie\u0161u valodas un literat\u016bras olimpi\u0101d\u0113 5.-6.klas\u0113m<\/td><td>\u0160arlote Jurj\u0101ne 5.a<\/td><td>Elita V\u012bgante<\/td><td><strong>Atzin\u012bba<\/strong><\/td><\/tr><tr><td>Novadu apvien\u012bbas Latvie\u0161u valodas un literat\u016bras olimpi\u0101d\u0113 5.-6.klas\u0113m<\/td><td>Evita Martinsone 5.b<\/td><td>Sintija S\u0101mere<\/td><td><strong>Atzin\u012bba<\/strong><\/td><\/tr><tr><td>Novadu apvien\u012bbas Latvie\u0161u valodas un literat\u016bras olimpi\u0101d\u0113 5.-6.klas\u0113m<\/td><td>Dace Elizabete St\u012bpniece 6.a<\/td><td>L\u0101sma Kono\u0161onoka<\/td><td><strong>Atzin\u012bba<\/strong><\/td><\/tr><tr><td>&nbsp;<\/td><td>&nbsp;<\/td><td>&nbsp;<\/td><td>&nbsp;<\/td><\/tr><tr><td>&nbsp;<\/td><td>&nbsp;<\/td><td>&nbsp;<\/td><td>&nbsp;<\/td><\/tr><\/tbody><\/table><\/figure>\n\n\n\n<p><\/p>\n\n\n\n<h3 class=\"wp-block-heading\">Konkursu laure\u0101ti 2018.\/2019. m\u0101c\u012bbu gad\u0101<\/h3>\n\n\n\n<figure class=\"wp-block-table\"><table><tbody><tr><th>Konkurss<\/th><th>Skol\u0113ns, klase<\/th><th>Skolot\u0101js<\/th><th>Vieta<\/th><\/tr><tr><td>Siguldas novada skol\u0113nu rado\u0161i p\u0113tniecisko darbu konkurs\u0101 &nbsp;&#8220;V\u0113sture ap mums&#8221; t\u0113ma &#8220;Sigulda 100 gados&#8221; 5.-7.kl. grup\u0101<\/td><td>L\u012bva L\u012bpace 7.b<\/td><td>M\u0101ris Smons<\/td><td><strong>I<\/strong><\/td><\/tr><tr><td>Siguldas novada skol\u0113nu rado\u0161i p\u0113tniecisko darbu konkurs\u0101 &nbsp;&#8220;V\u0113sture ap mums&#8221; t\u0113ma &#8220;Sigulda 100 gados&#8221; 5.-7.kl. grup\u0101<\/td><td>Paula Ham\u010danovska 6.a<\/td><td>M\u0101ris Smons<\/td><td><strong>II<\/strong><\/td><\/tr><tr><td>Siguldas novada skol\u0113nu rado\u0161i p\u0113tniecisko darbu konkurs\u0101 &nbsp;&#8220;V\u0113sture ap mums&#8221; t\u0113ma &#8220;Sigulda 100 gados&#8221; 5.-7.kl. grup\u0101<\/td><td>Ralfs Sebastians Rozens 7.b<\/td><td>Evija Rozena<\/td><td><strong>II<\/strong><\/td><\/tr><tr><td>Siguldas novada skol\u0113nu rado\u0161i p\u0113tniecisko darbu konkurs\u0101 &nbsp;&#8220;V\u0113sture ap mums&#8221; t\u0113ma &#8220;Sigulda 100 gados&#8221; 8.-9.kl grup\u0101<\/td><td>Em\u012blija Rudzi\u0161a 8.a<\/td><td>M\u0101ris Smons<\/td><td><strong>I<\/strong><\/td><\/tr><tr><td>Siguldas novada skol\u0113nu rado\u0161i p\u0113tniecisko darbu konkurs\u0101 &nbsp;&#8220;V\u0113sture ap mums&#8221; t\u0113ma &#8220;Sigulda 100 gados&#8221; 8.-9.kl grup\u0101<\/td><td>MIks Tomass Hi\u017e\u0146ikovs 8.a<\/td><td>M\u0101ris Smons<\/td><td><strong>II<\/strong><\/td><\/tr><tr><td>Siguldas novada skol\u0113nu rado\u0161i p\u0113tniecisko darbu konkurs\u0101 &nbsp;&#8220;V\u0113sture ap mums&#8221; t\u0113ma &#8220;Sigulda 100 gados&#8221; 8.-9.kl grup\u0101<\/td><td>Lu\u012bze Marta Lemberga 8.a<\/td><td>M\u0101ris Smons<\/td><td><strong>III<\/strong><\/td><\/tr><tr><td>Siguldas novada skol\u0113nu rado\u0161i p\u0113tniecisko darbu konkurs\u0101 &nbsp;&#8220;V\u0113sture ap mums&#8221; t\u0113ma &#8220;Sigulda 100 gados&#8221; 8.-9.kl grup\u0101<\/td><td>Kristers Matiass V\u0101vere 8.b, Ri\u010dards Ralfs V\u012bksni\u0146\u0161 8.b<\/td><td>M\u0101ris Smons<\/td><td><strong>Atzin\u012bba<\/strong><\/td><\/tr><tr><td>Konkurss &#8220;Gudr\u0101 p\u016bce&#8221; 1.-4.kl.<\/td><td>Kar\u012bna Spurava 1.a,&nbsp;Rei\u010dela Anna Skuja 1.b,&nbsp;Sofija \u013busaja 1.c,&nbsp;L\u012bva Krau\u0161a 2.a,&nbsp;Roberts \u0136iploks 2.b,&nbsp;Ance Pakalne 2.c,&nbsp;Rodrigo Laganovskis 3.a,&nbsp;R\u016bdolfs Rostoks 3.b,&nbsp;M\u0101ra B\u0113rze 3.c,&nbsp;Vit\u0101lijs Jo\u0146ins 4.a,&nbsp;Niks Bogdans 4.b,&nbsp;Bruno Kan\u010ds 4.c<\/td><td>S\u0101kumskolas skolot\u0101ji<\/td><td><strong>I<\/strong><\/td><\/tr><tr><td>Konkurss &#8220;Gudr\u0101 p\u016bce&#8221; 1.-4.kl.<\/td><td>M\u0101rcis Graho\u013cskis 1.a, Artis Mi\u0137elsons 1.b,&nbsp;.Kri\u0161j\u0101nis Em\u012bls Kal\u0113js 1.c,&nbsp;Em\u012bls M\u0101rtinsons 2.a,&nbsp;M\u0101rti\u0146\u0161 Sviklis 2.b,&nbsp;Madara Bogdane 2.c,&nbsp;J\u0101nis Graudi\u0146\u0161 3.a,&nbsp;Marta St\u012bpniece 3.b,&nbsp;Sab\u012bne Be\u0137ere 3.c,&nbsp;Elv\u012bra Bl\u0101\u0137e 4.a,&nbsp;Viktorija Ustinova 4.b,&nbsp;Gustavs Jankevi\u010ds 4.c<\/td><td>S\u0101kumskolas skolot\u0101ji<\/td><td><strong>II<\/strong><\/td><\/tr><tr><td>Konkurss &#8220;Gudr\u0101 p\u016bce&#8221; 1.-4.kl.<\/td><td>Markuss Kalna\u010ds 1.a,&nbsp;Em\u012bls Aps\u012btis 1.b,&nbsp;Mel\u0101nija Lebedoka 1.c,&nbsp;J\u0101nis B\u0113rzi\u0146\u0161 2.a,&nbsp;Adrians An\u0161mits 2.b,&nbsp;Viktorija Gavare 2.c,&nbsp;Adrians Celms 3.a,&nbsp;Elm\u0101rs Klibas&nbsp;3.b,&nbsp;Tomass Melngalvis&nbsp;3.c,&nbsp;Markuss Rendijs Billis&nbsp;4.a,&nbsp;Ren\u0101te Kau\u017e\u0113na&nbsp;4.b,&nbsp;Gr\u0113ta Gr\u012bnberga&nbsp;4.c<\/td><td>S\u0101kumskolas skolot\u0101ji<\/td><td><strong>III<\/strong><\/td><\/tr><tr><td>Konkurss &#8220;ERUD\u012aTS&#8221; 5.-6.kl.<\/td><td>&nbsp;6.a kl. komanda: Raiens R\u016bja, Kate Dunska, Dace Elizabete St\u012bpniece, Paula Ham\u010danovska, \u0145ikita Bur\u0146evi\u010ds, Gustavs Melngavis<\/td><td>Evija Rozena<\/td><td><strong>I<\/strong><\/td><\/tr><tr><td>Konkurss &#8220;ERUD\u012aTS&#8221; 5.-6.kl.<\/td><td>6.c kl. komanda: Estere Logina, Evel\u012bna Putni\u0146a, L\u012bva Domokejeva, Markuss Aksels R\u012bbens, Kristaps Vabe\u013cs, Rodrigo \u0160varckopfs<\/td><td>Krist\u012bna Gail\u012bte<\/td><td><strong>II<\/strong><\/td><\/tr><tr><td>Konkurss &#8220;ERUD\u012aTS&#8221; 5.-6.kl.<\/td><td>5.c kl. komanda: D\u017eastina D\u0101rta V\u012btola, Daniela Logina, Sindija Gabr\u0101ne, Silvestrs Kalni\u0146\u0161, Niks Vizulis, U\u0123is Broks<\/td><td>Ilze Rauska<\/td><td><strong>III<\/strong><\/td><\/tr><tr><td>Konkurss &#8220;ERUD\u012aTS&#8221; 7.-9.kl.<\/td><td>8.a kl. komanda: Keita Anna Griezne, Linda Anna Brante, Lu\u012bze Marta Lemberga, Art\u016brs Jegurs, Ingus Roberts Valheims, Miks Tomass Hi\u017e\u0146ikovs<\/td><td>Ina Belinska\/ Ligita Valaine<\/td><td><strong>I<\/strong><\/td><\/tr><tr><td>Konkurss &#8220;ERUD\u012aTS&#8221; 7.-9.kl.<\/td><td>9.a kl. komanda: Kerija Os\u012bte, Anna V\u012btola, Beatrise Liepi\u0146a, Rainers Ren\u0101rs Broks, Fr\u012bdis Ludi\u0146\u0161, Ri\u010dards Vabe\u013cs<\/td><td>Aiva Indriksone<\/td><td><strong>II<\/strong><\/td><\/tr><tr><td>Konkurss &#8220;ERUD\u012aTS&#8221; 7.-9.kl.<\/td><td>7.b kl.komanda:&nbsp; L\u012bva L\u012bpace, R\u016bta Meistere, Ance Adzil\u010da, Jorens J\u0101nis Tr\u0113gers, Daniels Ralfs Si\u0146ica, Ralfs Sebastians Rozens<\/td><td>Elita V\u012bgante<\/td><td><strong>III<\/strong><\/td><\/tr><tr><td>R\u012bgas Valsts v\u0101cu \u0123imn\u0101cijas atkl\u0101tais ang\u013cu valodas konkurss<\/td><td>L\u012bva L\u012bpace 7.b<\/td><td>Ed\u012bte Kuzmina<\/td><td><strong>III<\/strong><\/td><\/tr><tr><td>Nacion\u0101l\u0101s bibliot\u0113kas &#8220;Ska\u013c\u0101s las\u012b\u0161anas&#8221; konkurss<\/td><td>Dace Elizabete St\u012bpniece 6.a.<\/td><td>L\u0101sma Kono\u0161onoka<\/td><td><strong>III<\/strong><\/td><\/tr><tr><td>Skatuves runas konkurss<\/td><td>Zane Pud\u0146ika 9.a<\/td><td>Elita V\u012bgante<\/td><td><strong>I pak\u0101pe<\/strong><\/td><\/tr><tr><td>Novadu apvien\u012bbas konkurss vizu\u0101l\u0101j\u0101 m\u0101ksl\u0101&nbsp;<\/td><td>Nika Ti\u0161alovi\u010da 6.b<\/td><td>Krist\u012bne Gail\u012bte<\/td><td><strong>II<\/strong><\/td><\/tr><tr><td>Novadu apvien\u012bbas konkurss vizu\u0101l\u0101j\u0101 m\u0101ksl\u0101<\/td><td>Aleksandrija Sofija Bogdanova 5.a<\/td><td>Laura Rostoka, Dace Melb\u0101rde<\/td><td><strong>Atzin\u012bba<\/strong><\/td><\/tr><tr><td>Novadu apvien\u012bbas konkurss vizu\u0101l\u0101j\u0101 m\u0101ksl\u0101<\/td><td>Malv\u012bne Mel\u0101nija B\u0113rzi\u0146a 8.a<\/td><td>Krist\u012bne Gail\u012bte<\/td><td><strong>Atzin\u012bba<\/strong><\/td><\/tr><tr><td>Starpnovadu ang\u013cu valodas konkurss &#8220;Can I do it?&#8221; 3.kla\u0161u grup\u0101<\/td><td>Lote L\u012bpace 3<\/td><td>Ed\u012bte Kuzmina<\/td><td><strong>I<\/strong><\/td><\/tr><tr><td>Starpnovadu ang\u013cu valodas konkurss &#8220;Can I do it?&#8221; 6.kla\u0161u grup\u0101<\/td><td>Dace Elizabete St\u012bpniece 6.a<\/td><td>Anita J\u0101zepa<\/td><td><strong>I<\/strong><\/td><\/tr><tr><td>Starpnovadu ang\u013cu valodas konkurss &#8220;Can I do it?&#8221; 5.kla\u0161u grup\u0101<\/td><td>Miks Gabriels Gabranovs 5.b<\/td><td>Anita J\u0101zepa<\/td><td><strong>III<\/strong><\/td><\/tr><tr><td>Siguldas novada skol\u0113nu rado\u0161i p\u0113tniecisko darbu konkurss<\/td><td>Laura M\u0101rtinsone, Em\u012bls M\u0101rtinsons 2.a<\/td><td>Ilze Martinsone<\/td><td><strong>I pak\u0101pe<\/strong><\/td><\/tr><tr><td>Siguldas novada skol\u0113nu rado\u0161i p\u0113tniecisko darbu konkurss<\/td><td>Lote L\u012bpace, Maija Pumpure 3.b<\/td><td>Laila Biteniece<\/td><td><strong>I pak\u0101pe<\/strong><\/td><\/tr><tr><td>Siguldas novada skol\u0113nu rado\u0161i p\u0113tniecisko darbu konkurss<\/td><td>Lota Ziemele 4.b<\/td><td>Laila Adzil\u010da<\/td><td><strong>II pak\u0101pe<\/strong><\/td><\/tr><tr><td>Siguldas novada skol\u0113nu rado\u0161i p\u0113tniecisko darbu konkurss<\/td><td>Just\u012bne Kalni\u0146a 5.c<\/td><td>Elita V\u012bgante<\/td><td><strong>I pak\u0101pe<\/strong><\/td><\/tr><tr><td>Siguldas novada skol\u0113nu rado\u0161i p\u0113tniecisko darbu konkurss<\/td><td>Paula Ham\u010danovska, 6.a<\/td><td>M\u0101ris Smons<\/td><td><strong>I pak\u0101pe<\/strong><\/td><\/tr><tr><td>Siguldas novada skol\u0113nu rado\u0161i p\u0113tniecisko darbu konkurss<\/td><td>L\u012bva L\u012bpace 7.b<\/td><td>M\u0101ris Smons<\/td><td><strong>I pak\u0101pe<\/strong><\/td><\/tr><tr><td>Siguldas novada skol\u0113nu rado\u0161i p\u0113tniecisko darbu konkurss<\/td><td>Lu\u012bze Marta Lemberga 8.a<\/td><td>Ligita Valaine<\/td><td><strong>I pak\u0101pe<\/strong><\/td><\/tr><tr><td>&nbsp;<\/td><td>&nbsp;<\/td><td>&nbsp;<\/td><td>&nbsp;<\/td><\/tr><\/tbody><\/table><\/figure>\n\n\n\n<p><\/p>\n\n\n\n<h3 class=\"wp-block-heading\">Sporta pas\u0101kumu un sacens\u012bbu\u00a0laure\u0101ti 2018.\/2019. m\u0101c\u012bbu gad\u0101<\/h3>\n\n\n\n<figure class=\"wp-block-table\"><table><tbody><tr><th>Sacens\u012bbas\/pas\u0101kums<\/th><th>Skol\u0113ns, klase<\/th><th>Skolot\u0101js<\/th><th>Vieta<\/th><\/tr><tr><td>Siguldas novada skolu sacens\u012bbas telpu futbol\u0101, D grupa<\/td><td>E.Kalni\u0146\u0161, S.Kalni\u0146\u0161, O.\u0160varckopfs, K.R.Skuja, A.Lebedoks, N.K\u013cavi\u0146\u0161, T.E.Saule, K.Liepi\u0146\u0161<\/td><td>Di\u0101na Meir\u0101ne<\/td><td><strong>II<\/strong><\/td><\/tr><tr><td>Siguldas novada skolu atkl\u0101taj\u0101s sacens\u012bbas telpu futbol\u0101, B grupa<\/td><td>E.Zoltners, K.Bizuns, R.S.Rozens, H.O.J\u0101n\u012btis, N.Teiv\u0101ns, J.Jaunzems, M.Petjukevi\u010ds, S.\u0160amtouri<\/td><td>J\u0101nis Levanovi\u010ds<\/td><td><strong>III<\/strong><\/td><\/tr><tr><td>Siguldas novada skolu sacens\u012bb\u0101s basketbol\u0101, D grupa<\/td><td>J.Kalni\u0146a, S.Gabr\u0101ne, S.Kalni\u0146\u0161, E.Eisaks, R.Goferts, A.Alk\u0161ars, K.R.Skuja, E.Atsl\u0113ga, A.Lebedoks, N.K\u013cavi\u0146\u0161<\/td><td>Di\u0101na Meir\u0101ne<\/td><td><strong>I<\/strong><\/td><\/tr><tr><td>Siguldas novada skolu sacens\u012bb\u0101s tautas bumb\u0101, D grupa<\/td><td>Z\u0113nu komanda (A.Lei\u0161avnieks, A.Lebedoks, K.R.Skuja, N.K\u013cavi\u0146\u0161, S.Kalni\u0146\u0161, D.A\u0146enkovs, K.Liepi\u0146\u0161, R.Ostrovskis, O.\u0160varckopfs, E.Eisaks, M.St\u016br\u012btis, V.Jo\u0146ins)<\/td><td>Di\u0101na Meir\u0101ne<\/td><td><strong>I<\/strong><\/td><\/tr><tr><td>Siguldas novada skolu sacens\u012bb\u0101s tautas bumb\u0101, D grupa<\/td><td>Meite\u0146u komanda (E.Atsl\u0113ga, G.D.Ozola, S.Gabr\u0101ne, J.Kalni\u0146a, D.Logina, E.Si\u0146icina, D.D.V\u012btola, A.Azarova, A.Maslova, D.Uzare, A.Pl\u016bme, A.Tu\u0146\u0137ele)<\/td><td>Di\u0101na Meir\u0101ne<\/td><td><strong>II<\/strong><\/td><\/tr><tr><td>Siguldas novada skolu sacens\u012bb\u0101s basketbol\u0101,&nbsp;C grupa<\/td><td>R.Auzi\u0146\u0161, R.Aizupietis, R.R\u016bja, S.Kalni\u0146\u0161, V.\u0160\u016bmanis, R.Nekra\u0161s un M.R.V\u012bgants<\/td><td>&nbsp;<\/td><td><strong>II<\/strong><\/td><\/tr><tr><td>Vidzemes re\u0123ionu skolu fin\u0101lsacens\u012bbas tautas bumb\u0101, D grupa<\/td><td>M.St\u016br\u012btis, V.Jo\u0146ins, O.\u0160varckopfs, K.Liepi\u0146\u0161, R.Ostrovskis, A.Lei\u0161avnieks, N.K\u013cavi\u0146\u0161, A.Lebedoks, K.R.Skuja, D.A\u0146enkovs, S.Kalni\u0146\u0161<\/td><td>Di\u0101na Meir\u0101ne<\/td><td><strong>I<\/strong><\/td><\/tr><tr><td>Siguldas novada skolu sacens\u012bbas florbol\u0101&nbsp;&nbsp;7.klas\u0113m<\/td><td>7.a klases komanda<\/td><td>J\u0101nis Levanovi\u010ds<\/td><td><strong>I<\/strong><\/td><\/tr><tr><td>Siguldas novada skolu sacens\u012bbas florbol\u0101&nbsp;\u200b 8.klas\u0113m<\/td><td>8.a klases komanda<\/td><td>J\u0101nis Levanovi\u010ds<\/td><td><strong>I<\/strong><\/td><\/tr><tr><td>Siguldas novada skolu sacens\u012bbas florbol\u0101&nbsp;\u200b 9.klas\u0113m<\/td><td>9.a klases komanda<\/td><td>J\u0101nis Levanovi\u010ds<\/td><td><strong>I<\/strong><\/td><\/tr><\/tbody><\/table><\/figure>\n\n\n\n<p><\/p>\n\n\n\n<h3 class=\"wp-block-heading\">Sasniegumi intere\u0161u izgl\u012bt\u012bb\u0101&nbsp;2018.\/2019. m\u0101c\u012bbu gad\u0101<\/h3>\n\n\n\n<figure class=\"wp-block-table\"><table><tbody><tr><th>Konkurss, skates<\/th><th>Skol\u0113ns, klase<\/th><th>Skolot\u0101js<\/th><th>Vieta<\/th><\/tr><tr><td>Siguldas un Garkalnes novadu vok\u0101lo ansamb\u013cu skate &#8220;Balsis 2019&#8221;<\/td><td>2.-3.kla\u0161u ansamblis<\/td><td>Inga Jansone<\/td><td><strong>I pak\u0101pe<\/strong><\/td><\/tr><\/tbody><\/table><\/figure>\n","protected":false},"excerpt":{"rendered":"<p>M\u0101c\u012bbu priek\u0161metu olimpi\u0101\u017eu laure\u0101ti 2018.\/2019. m\u0101c\u012bbu gad\u0101 Olimpi\u0101de Skol\u0113ns, klase Skolot\u0101js Vieta Starpnovadu vizu\u0101l\u0101s m\u0101kslas olimpi\u0101de Radolfo Jansons 4.c Laura Rostoka Atzin\u012bba Novadu apvien\u012bbas olimpi\u0101de biolo\u0123ij\u0101&nbsp; &nbsp; &nbsp; &nbsp; Beatrise &#8230; <a title=\"2018.\/2019.\" class=\"read-more\" href=\"https:\/\/sig1psk.lv\/index.php\/sasniegumi-2\/2018-2019\/\" aria-label=\"Read more about 2018.\/2019.\">Las\u012bt t\u0101l\u0101k<\/a><\/p>\n","protected":false},"author":2,"featured_media":0,"parent":145,"menu_order":6,"comment_status":"closed","ping_status":"closed","template":"","meta":{"footnotes":""},"class_list":["post-171","page","type-page","status-publish"],"rttpg_featured_image_url":null,"rttpg_author":{"display_name":"Siguldas Pamatskola","author_link":"https:\/\/sig1psk.lv\/index.php\/author\/admins\/"},"rttpg_comment":0,"rttpg_category":null,"rttpg_excerpt":"M\u0101c\u012bbu priek\u0161metu olimpi\u0101\u017eu laure\u0101ti 2018.\/2019. m\u0101c\u012bbu gad\u0101 Olimpi\u0101de Skol\u0113ns, klase Skolot\u0101js Vieta Starpnovadu vizu\u0101l\u0101s m\u0101kslas olimpi\u0101de Radolfo Jansons 4.c Laura Rostoka Atzin\u012bba Novadu apvien\u012bbas olimpi\u0101de biolo\u0123ij\u0101&nbsp; &nbsp; &nbsp; &nbsp; Beatrise ... Las\u012bt t\u0101l\u0101k","_links":{"self":[{"href":"https:\/\/sig1psk.lv\/index.php\/wp-json\/wp\/v2\/pages\/171","targetHints":{"allow":["GET"]}}],"collection":[{"href":"https:\/\/sig1psk.lv\/index.php\/wp-json\/wp\/v2\/pages"}],"about":[{"href":"https:\/\/sig1psk.lv\/index.php\/wp-json\/wp\/v2\/types\/page"}],"author":[{"embeddable":true,"href":"https:\/\/sig1psk.lv\/index.php\/wp-json\/wp\/v2\/users\/2"}],"replies":[{"embeddable":true,"href":"https:\/\/sig1psk.lv\/index.php\/wp-json\/wp\/v2\/comments?post=171"}],"version-history":[{"count":4,"href":"https:\/\/sig1psk.lv\/index.php\/wp-json\/wp\/v2\/pages\/171\/revisions"}],"predecessor-version":[{"id":1184,"href":"https:\/\/sig1psk.lv\/index.php\/wp-json\/wp\/v2\/pages\/171\/revisions\/1184"}],"up":[{"embeddable":true,"href":"https:\/\/sig1psk.lv\/index.php\/wp-json\/wp\/v2\/pages\/145"}],"wp:attachment":[{"href":"https:\/\/sig1psk.lv\/index.php\/wp-json\/wp\/v2\/media?parent=171"}],"curies":[{"name":"wp","href":"https:\/\/api.w.org\/{rel}","templated":true}]}}