{"id":1683,"date":"2024-02-29T17:19:38","date_gmt":"2024-02-29T15:19:38","guid":{"rendered":"https:\/\/sig1psk.lv\/?page_id=1683"},"modified":"2024-02-29T17:21:30","modified_gmt":"2024-02-29T15:21:30","slug":"izstade-skola-2024","status":"publish","type":"page","link":"https:\/\/sig1psk.lv\/index.php\/izstade-skola-2024\/","title":{"rendered":"IZST\u0100DE &#8220;SKOLA 2024&#8221;"},"content":{"rendered":"\n<p style=\"font-size:16px\">&#8220;M\u0113s varam izv\u0113l\u0113ties vien\u012bgi to, ko zin\u0101m!\u201d Daudz izzino\u0161a un aizraujo\u0161a \u0161odien pied\u0101v\u0101ja izst\u0101de \u201cSkola2024\u201d, kuru apmekl\u0113ja Siguldas 1. pamatskolas dev\u012bto kla\u0161u skol\u0113ni. Skol\u0113niem bija iesp\u0113ja iejusties zob\u0101rsta, karav\u012bra, pav\u0101ra, gl\u0101b\u0113ja u.c. profesij\u0101s, piedaloties da\u017e\u0101d\u0101s meistarklas\u0113s. Jaunie\u0161i var\u0113ja smelties daudzpus\u012bgu inform\u0101ciju par m\u0101c\u012b\u0161an\u0101s iesp\u0113j\u0101m Latvij\u0101 un \u0101rzem\u0113s, atkl\u0101t interes\u0113jo\u0161o profesiju nianses, konsult\u0113joties ar nozares profesion\u0101\u013ciem.<\/p>\n\n\n\n<figure class=\"wp-block-image size-large\"><img loading=\"lazy\" decoding=\"async\" width=\"1024\" height=\"768\" src=\"https:\/\/sig1psk.lv\/wp-content\/uploads\/2024\/02\/SKOLA24-1024x768.jpeg\" alt=\"\" class=\"wp-image-1686\" srcset=\"https:\/\/sig1psk.lv\/wp-content\/uploads\/2024\/02\/SKOLA24-1024x768.jpeg 1024w, https:\/\/sig1psk.lv\/wp-content\/uploads\/2024\/02\/SKOLA24-300x225.jpeg 300w, https:\/\/sig1psk.lv\/wp-content\/uploads\/2024\/02\/SKOLA24-768x576.jpeg 768w, https:\/\/sig1psk.lv\/wp-content\/uploads\/2024\/02\/SKOLA24-1536x1152.jpeg 1536w, https:\/\/sig1psk.lv\/wp-content\/uploads\/2024\/02\/SKOLA24.jpeg 1600w\" sizes=\"auto, (max-width: 1024px) 100vw, 1024px\" \/><\/figure>\n","protected":false},"excerpt":{"rendered":"<p>&#8220;M\u0113s varam izv\u0113l\u0113ties vien\u012bgi to, ko zin\u0101m!\u201d Daudz izzino\u0161a un aizraujo\u0161a \u0161odien pied\u0101v\u0101ja izst\u0101de \u201cSkola2024\u201d, kuru apmekl\u0113ja Siguldas 1. pamatskolas dev\u012bto kla\u0161u skol\u0113ni. Skol\u0113niem bija iesp\u0113ja iejusties zob\u0101rsta, karav\u012bra, pav\u0101ra, &#8230; <a title=\"IZST\u0100DE &#8220;SKOLA 2024&#8221;\" class=\"read-more\" href=\"https:\/\/sig1psk.lv\/index.php\/izstade-skola-2024\/\" aria-label=\"Read more about IZST\u0100DE &#8220;SKOLA 2024&#8221;\">Las\u012bt t\u0101l\u0101k<\/a><\/p>\n","protected":false},"author":2,"featured_media":0,"parent":0,"menu_order":0,"comment_status":"closed","ping_status":"closed","template":"","meta":{"footnotes":""},"class_list":["post-1683","page","type-page","status-publish"],"rttpg_featured_image_url":null,"rttpg_author":{"display_name":"Siguldas Pamatskola","author_link":"https:\/\/sig1psk.lv\/index.php\/author\/admins\/"},"rttpg_comment":0,"rttpg_category":null,"rttpg_excerpt":"&#8220;M\u0113s varam izv\u0113l\u0113ties vien\u012bgi to, ko zin\u0101m!\u201d Daudz izzino\u0161a un aizraujo\u0161a \u0161odien pied\u0101v\u0101ja izst\u0101de \u201cSkola2024\u201d, kuru apmekl\u0113ja Siguldas 1. pamatskolas dev\u012bto kla\u0161u skol\u0113ni. Skol\u0113niem bija iesp\u0113ja iejusties zob\u0101rsta, karav\u012bra, pav\u0101ra, ... Las\u012bt t\u0101l\u0101k","_links":{"self":[{"href":"https:\/\/sig1psk.lv\/index.php\/wp-json\/wp\/v2\/pages\/1683","targetHints":{"allow":["GET"]}}],"collection":[{"href":"https:\/\/sig1psk.lv\/index.php\/wp-json\/wp\/v2\/pages"}],"about":[{"href":"https:\/\/sig1psk.lv\/index.php\/wp-json\/wp\/v2\/types\/page"}],"author":[{"embeddable":true,"href":"https:\/\/sig1psk.lv\/index.php\/wp-json\/wp\/v2\/users\/2"}],"replies":[{"embeddable":true,"href":"https:\/\/sig1psk.lv\/index.php\/wp-json\/wp\/v2\/comments?post=1683"}],"version-history":[{"count":2,"href":"https:\/\/sig1psk.lv\/index.php\/wp-json\/wp\/v2\/pages\/1683\/revisions"}],"predecessor-version":[{"id":1687,"href":"https:\/\/sig1psk.lv\/index.php\/wp-json\/wp\/v2\/pages\/1683\/revisions\/1687"}],"wp:attachment":[{"href":"https:\/\/sig1psk.lv\/index.php\/wp-json\/wp\/v2\/media?parent=1683"}],"curies":[{"name":"wp","href":"https:\/\/api.w.org\/{rel}","templated":true}]}}