{"id":105,"date":"2023-08-14T11:39:06","date_gmt":"2023-08-14T09:39:06","guid":{"rendered":"https:\/\/sig1psk.lv\/?page_id=105"},"modified":"2023-12-10T20:10:44","modified_gmt":"2023-12-10T18:10:44","slug":"ricibas-dienas-2018","status":"publish","type":"page","link":"https:\/\/sig1psk.lv\/index.php\/ekoskola\/ricibas-dienas-2018\/","title":{"rendered":"R\u012aC\u012aBAS DIENAS 2018"},"content":{"rendered":"\n<p><img decoding=\"async\" src=\"https:\/\/www.sig1psk.lv\/upload\/Image\/1540823630_271.jpg\" alt=\"\"><\/p>\n\n\n\n<p><\/p>\n\n\n\n<p style=\"font-size:17px\">Siguldas 1.pamatskolas skol\u0113ni piedal\u012bj\u0101s pas\u0101kum\u0101 \u201eAtkritumi k\u0101 resurss\u201d<\/p>\n\n\n\n<p style=\"font-size:17px\"><strong>Latvijas vides aizsardz\u012bbas fonda projekta \u201eJaunie\u0161i jaunie\u0161iem par vidi\u201d ietvaros,&nbsp;29.oktobr\u012b, Siguld\u0101,&nbsp;Gaujas nacion\u0101l\u0101 parka teritorij\u0101 notika izgl\u012btojo\u0161i rado\u0161s pas\u0101kums \u201eAtkritumi k\u0101 resurss\u201d, kur\u0101 iesaist\u012bj\u0101s Siguldas 1.pamatskolas skol\u0113ni un Vidzemes Augstskolas studenti.<\/strong><\/p>\n\n\n\n<p style=\"font-size:17px\">Pas\u0101kuma laik\u0101 notika Rei\u0146a Pastara vad\u012bta vieslekcija par \u201eZero waste\u201d kust\u012bbu un \u0161\u012bs kust\u012bbas principiem, k\u0101 ar\u012b rado\u0161u aktivit\u0101\u0161u da\u013ca, kur\u0101 6.klases skol\u0113ni kop\u0101 ar studentiem veidoja plak\u0101tus par atkritumu \u0161\u0137iro\u0161anas tematiku.<\/p>\n\n\n\n<p style=\"font-size:17px\">Projekta \u201eJaunie\u0161i jaunie\u0161iem par vidi\u201d m\u0113r\u0137is ir \u012bstenot aktivit\u0101tes izgl\u012btojo\u0161\u0101 un rado\u0161\u0101 form\u0101, kas stiprin\u0101tu Latvijas jaunie\u0161u (gan visp\u0101rizgl\u012btojo\u0161o, gan arodskolu, gan augstskolu jaunie\u0161u) saikni ar dabu, sasaistot izpratni par dabas v\u0113rt\u012bb\u0101m \u012bpa\u0161i aizsarg\u0101jam\u0101s dabas teritorij\u0101s Latvij\u0101 ar dabas daudzveid\u012bbas aizsardz\u012bbu un m\u016bsdien\u012bgu redz\u0113jumu par vides probl\u0113mu risin\u0101jumiem. Pas\u0101kumu organiz\u0113 Vidzemes Augstskola.<\/p>\n\n\n\n<p style=\"font-size:17px\"><em>Inform\u0101ciju sagatavoja:<br>Vidzemes Augstskolas Studentu apvien\u012bbas<br>komunik\u0101cijas virziena vad\u012bt\u0101ja<br>Anete M\u012blberga<\/em><\/p>\n\n\n\n<p style=\"font-size:17px\">Novada izgl\u012bt\u012bbas iest\u0101des piedal\u0101s Ekoskolu R\u012bc\u012bbas dienu kampa\u0146\u0101<\/p>\n\n\n\n<p style=\"font-size:17px\"><img decoding=\"async\" src=\"https:\/\/www.sig1psk.lv\/upload\/Image\/1540820755_275.jpg\" alt=\"\"><\/p>\n\n\n\n<p><\/p>\n\n\n\n<p style=\"font-size:17px\"><strong>Ekoskolu R\u012bc\u012bbas dienas ir pla\u0161a ikgad\u0113ja vides kampa\u0146a Latvij\u0101, lai kop\u012bgiem sp\u0113kiem pal\u012bdz\u0113tu main\u012bt priek\u0161status un paradumus vesel\u0101kas vides v\u0101rd\u0101. \u0160ogad kampa\u0146a notiek no 29.oktobra l\u012bdz 4.novembrim, un taj\u0101 ar da\u017e\u0101d\u0101m aktivit\u0101t\u0113m, iesaistot ar\u012b apk\u0101rt\u0113jo sabiedr\u012bbu, piedal\u0101s ar\u012b Siguldas pils\u0113tas Ekoskolas \u2013 b\u0113rnud\u0101rzs \u201eIevi\u0146a\u201d, Siguldas 1. pamatskola un Lauren\u010du s\u0101kumskola.<\/strong><\/p>\n\n\n\n<p style=\"font-size:17px\">\u0160ogad R\u012bc\u012bbas dienas ir velt\u012btas Vides izgl\u012bt\u012bbas fondam un ar\u012b Eiropas Savien\u012bb\u0101 \u012bpa\u0161i svar\u012bgai t\u0113mai \u2013 plastmasas pies\u0101r\u0146ojumam. Iev\u0113rojot, ka plastmasa ir ar\u012b b\u016btisks Baltijas j\u016bras pies\u0101r\u0146ojuma avots, kampa\u0146as kop\u0113j\u0101 t\u0113ma ir \u201eN\u0112 vienreizlietojamai plastmasai!\u201d. Kampa\u0146as laik\u0101 izgl\u012bt\u012bbas iest\u0101d\u0113s tiks r\u012bkotas gan izgl\u012btojo\u0161as nodarb\u012bbas, gan praktiskas darbn\u012bcas ikdien\u0101 noder\u012bgu ilgtsp\u0113j\u012bgu priek\u0161metu rad\u012b\u0161anai.<\/p>\n\n\n\n<p style=\"font-size:17px\">Ekoskolu R\u012bc\u012bbas dienu kampa\u0146a ir starptautiska iniciat\u012bva, kur\u0101 Latvijas skolas piedal\u0101s jau sept\u012bto gadu, uzrun\u0101jot ne tikai skolu kolekt\u012bvus, bet ar\u012b \u0123imenes, viet\u0113jos iedz\u012bvot\u0101jus un pa\u0161vald\u012bbas. R\u012bc\u012bbas dienu nosl\u0113gum\u0101 notiks konkurss skol\u0101m. Veiksm\u012bg\u0101ko un rado\u0161\u0101ko iniciat\u012bvu autori, k\u0101 ar\u012b akt\u012bv\u0101kie kampa\u0146as populariz\u0113t\u0101ji sa\u0146ems balvas no Ekoskolu R\u012bc\u012bbas dienu atbalst\u012bt\u0101jiem.<\/p>\n\n\n\n<p style=\"font-size:17px\"><em>Inform\u0101ciju sagatavoja:<br>b\u0113rnud\u0101rza \u201eIevi\u0146a\u201d Ekoskolas koordinatore<br>Ilze Rence<\/em><\/p>\n\n\n\n<p style=\"font-size:17px\"><em>Inform\u0101cija p\u0101rpublic\u0113ta no Siguldas novada pa\u0161vald\u012bbas m\u0101jas lapas www.sigulda.lv.<\/em><\/p>\n","protected":false},"excerpt":{"rendered":"<p>Siguldas 1.pamatskolas skol\u0113ni piedal\u012bj\u0101s pas\u0101kum\u0101 \u201eAtkritumi k\u0101 resurss\u201d Latvijas vides aizsardz\u012bbas fonda projekta \u201eJaunie\u0161i jaunie\u0161iem par vidi\u201d ietvaros,&nbsp;29.oktobr\u012b, Siguld\u0101,&nbsp;Gaujas nacion\u0101l\u0101 parka teritorij\u0101 notika izgl\u012btojo\u0161i rado\u0161s pas\u0101kums \u201eAtkritumi k\u0101 resurss\u201d, kur\u0101 &#8230; <a title=\"R\u012aC\u012aBAS DIENAS 2018\" class=\"read-more\" href=\"https:\/\/sig1psk.lv\/index.php\/ekoskola\/ricibas-dienas-2018\/\" aria-label=\"Read more about R\u012aC\u012aBAS DIENAS 2018\">Las\u012bt t\u0101l\u0101k<\/a><\/p>\n","protected":false},"author":2,"featured_media":0,"parent":41,"menu_order":5,"comment_status":"closed","ping_status":"closed","template":"","meta":{"footnotes":""},"class_list":["post-105","page","type-page","status-publish"],"rttpg_featured_image_url":null,"rttpg_author":{"display_name":"Siguldas Pamatskola","author_link":"https:\/\/sig1psk.lv\/index.php\/author\/admins\/"},"rttpg_comment":0,"rttpg_category":null,"rttpg_excerpt":"Siguldas 1.pamatskolas skol\u0113ni piedal\u012bj\u0101s pas\u0101kum\u0101 \u201eAtkritumi k\u0101 resurss\u201d Latvijas vides aizsardz\u012bbas fonda projekta \u201eJaunie\u0161i jaunie\u0161iem par vidi\u201d ietvaros,&nbsp;29.oktobr\u012b, Siguld\u0101,&nbsp;Gaujas nacion\u0101l\u0101 parka teritorij\u0101 notika izgl\u012btojo\u0161i rado\u0161s pas\u0101kums \u201eAtkritumi k\u0101 resurss\u201d, kur\u0101 ... Las\u012bt t\u0101l\u0101k","_links":{"self":[{"href":"https:\/\/sig1psk.lv\/index.php\/wp-json\/wp\/v2\/pages\/105","targetHints":{"allow":["GET"]}}],"collection":[{"href":"https:\/\/sig1psk.lv\/index.php\/wp-json\/wp\/v2\/pages"}],"about":[{"href":"https:\/\/sig1psk.lv\/index.php\/wp-json\/wp\/v2\/types\/page"}],"author":[{"embeddable":true,"href":"https:\/\/sig1psk.lv\/index.php\/wp-json\/wp\/v2\/users\/2"}],"replies":[{"embeddable":true,"href":"https:\/\/sig1psk.lv\/index.php\/wp-json\/wp\/v2\/comments?post=105"}],"version-history":[{"count":2,"href":"https:\/\/sig1psk.lv\/index.php\/wp-json\/wp\/v2\/pages\/105\/revisions"}],"predecessor-version":[{"id":1284,"href":"https:\/\/sig1psk.lv\/index.php\/wp-json\/wp\/v2\/pages\/105\/revisions\/1284"}],"up":[{"embeddable":true,"href":"https:\/\/sig1psk.lv\/index.php\/wp-json\/wp\/v2\/pages\/41"}],"wp:attachment":[{"href":"https:\/\/sig1psk.lv\/index.php\/wp-json\/wp\/v2\/media?parent=105"}],"curies":[{"name":"wp","href":"https:\/\/api.w.org\/{rel}","templated":true}]}}